
False
Is 23 a factor of 32568?
True
Is 5 a factor of 1127?
False
Does 10 divide 1860?
True
Is 3102 a multiple of 9?
False
Is 5848 a multiple of 344?
True
Does 66 divide 462?
True
Does 6 divide 636?
True
Does 10 divide 24609?
False
Is 3 a factor of 450?
True
Is 52 a factor of 774?
False
Is 9 a factor of 1980?
True
Does 5 divide 800?
True
Is 75 a factor of 1875?
True
Is 68 a factor of 7684?
True
Is 1410 a multiple of 15?
True
Does 106 divide 212?
True
Is 3456 a multiple of 32?
True
Is 11674 a multiple of 3?
False
Is 2912 a multiple of 91?
True
Is 40 a factor of 52840?
True
Does 32 divide 96?
True
Does 93 divide 7873?
False
Is 5 a factor of 535?
True
Does 12 divide 449?
False
Is 56 a factor of 1288?
True
Does 8 divide 1079?
False
Is 3 a factor of 428?
False
Is 127 a factor of 14803?
False
Is 381 a multiple of 88?
False
Is 8 a factor of 3840?
True
Does 16 divide 13600?
True
Does 36 divide 34144?
False
Is 202 a multiple of 2?
True
Does 16 divide 851?
False
Does 15 divide 1500?
True
Does 14 divide 29302?
True
Is 10 a factor of 410?
True
Is 80700 a multiple of 150?
True
Is 18 a factor of 23137?
False
Is 675 a multiple of 27?
True
Is 3731 a multiple of 18?
False
Does 7 divide 535?
False
Is 5928 a multiple of 26?
True
Does 13 divide 156?
True
Is 3520 a multiple of 75?
False
Is 13 a factor of 1629?
False
Is 4 a factor of 218?
False
Does 33 divide 2112?
True
Does 71 divide 267?
False
Does 47 divide 34742?
False
Does 7 divide 40222?
True
Is 75 a factor of 4751?
False
Is 12 a factor of 7992?
True
Is 15330 a multiple of 217?
False
Is 142 a multiple of 6?
False
Is 912 a multiple of 24?
True
Is 38 a factor of 518?
False
Is 1456 a multiple of 104?
True
Does 56 divide 97?
False
Is 105 a factor of 39270?
True
Does 8 divide 17096?
True
Does 7 divide 14?
True
Is 264 a factor of 23760?
True
Is 35062 a multiple of 14?
False
Is 2 a factor of 170?
True
Is 276 a multiple of 4?
True
Is 23 a factor of 597?
False
Is 10 a factor of 471?
False
Is 6 a factor of 12?
True
Does 125 divide 250?
True
Does 31 divide 100?
False
Does 11 divide 24775?
False
Is 101 a factor of 13534?
True
Is 13 a factor of 14081?
False
Is 32 a factor of 15244?
False
Is 27 a factor of 3510?
True
Is 4 a factor of 52575?
False
Is 5 a factor of 497?
False
Does 56 divide 838?
False
Is 9 a factor of 8037?
True
Is 1444 a multiple of 9?
False
Does 45 divide 1710?
True
Is 4 a factor of 48?
True
Is 741 a multiple of 6?
False
Is 300 a multiple of 6?
True
Is 916 a multiple of 21?
False
Is 2501 a multiple of 62?
False
Is 16 a multiple of 8?
True
Is 5072 a multiple of 16?
True
Is 2 a factor of 2530?
True
Is 10 a factor of 1800?
True
Is 563 a multiple of 82?
False
Is 65 a multiple of 2?
False
Does 23 divide 1058?
True
Is 26649 a multiple of 89?
False
Does 192 divide 632?
False
Is 8844 a multiple of 14?
False
Is 65 a factor of 1620?
False
Is 102 a factor of 2958?
True
Does 4 divide 3294?
False
Is 352 a multiple of 58?
False
Is 620 a multiple of 9?
False
Is 73 a factor of 2263?
True
Is 13 a factor of 6479?
False
Does 6 divide 4896?
True
Is 104874 a multiple of 14?
True
Is 23688 a multiple of 10?
False
Is 58 a factor of 327?
False
Is 4454 a multiple of 6?
False
Is 3672 a multiple of 72?
True
Is 2 a factor of 4178?
True
Is 12 a factor of 420?
True
Is 1081 even?
False
Is 1925 a multiple of 11?
True
Is 8 a factor of 17006?
False
Does 3 divide 157?
False
Is 21 a factor of 651?
True
Is 89495 a multiple of 28?
False
Is 9705 a multiple of 82?
False
Is 143 a factor of 10924?
False
Is 276 a multiple of 69?
True
Does 13 divide 3406?
True
Is 3328 a multiple of 52?
True
Is 15 a factor of 1170?
True
Does 37 divide 21090?
True
Is 625 a multiple of 5?
True
Is 15 a factor of 585?
True
Does 18 divide 47?
False
Is 477 a multiple of 54?
False
Is 53 a factor of 397?
False
Does 12 divide 44748?
True
Is 20210 a multiple of 83?
False
Is 147 a multiple of 21?
True
Is 49 a factor of 6508?
False
Is 62563 a multiple of 17?
False
Is 1320 a multiple of 5?
True
Is 21 a factor of 21880?
False
Does 9 divide 441?
True
Is 30069 a multiple of 29?
False
Is 54 a factor of 1404?
True
Does 9 divide 8217?
True
Does 54 divide 648?
True
Is 533 a multiple of 13?
True
Is 12 a factor of 336?
True
Is 3085 a multiple of 12?
False
Is 33 a multiple of 2?
False
Is 633 a multiple of 4?
False
Does 20 divide 3700?
True
Does 7 divide 16884?
True
Is 25 a factor of 47630?
False
Is 133 a factor of 9299?
False
Does 17 divide 3156?
False
Does 34 divide 578?
True
Is 1316 a multiple of 47?
True
Is 15 a factor of 26418?
False
Does 9 divide 306?
True
Does 15 divide 4395?
True
Is 56 a factor of 26112?
False
Does 64 divide 5248?
True
Does 13 divide 29378?
False
Does 20 divide 1472?
False
Is 347 a multiple of 15?
False
Is 116 even?
True
Does 45 divide 9675?
True
Does 7 divide 1428?
True
Does 7 divide 11385?
False
Is 2 a factor of 44?
True
Is 5551 a multiple of 13?
True
Does 55 divide 1058?
False
Is 22150 a multiple of 29?
False
Does 13 divide 268?
False
Does 3 divide 10237?
False
Is 4266 a multiple of 18?
True
Does 69 divide 3351?
False
Is 17 a factor of 1071?
True
Is 7413 a multiple of 21?
True
Is 58 even?
True
Does 35 divide 1263?
False
Is 3601 a multiple of 4?
False
Is 54 a factor of 4374?
True
Is 38 a factor of 35340?
True
Is 38 a multiple of 8?
False
Is 70 a factor of 27510?
True
Does 247 divide 46436?
True
Does 9 divide 615?
False
Does 242 divide 83974?
True
Is 270 a multiple of 21?
False
Is 1250 a multiple of 50?
True
Does 32 divide 31432?
False
Is 8 a factor of 632?
True
Is 6 a factor of 2118?
True
Does 29 divide 3480?
True
Does 27 divide 21564?
False
Is 19730 a multiple of 29?
False
Is 30 a factor of 720?
True
Is 64 a factor of 1008?
False
Is 10902 a multiple of 6?
True
Is 86 a multiple of 2?
True
Is 24 a factor of 8424?
True
Does 23 divide 6544?
False
Is 18 a factor of 58834?
False
Is 3955 a multiple of 7?
True
Is 34188 a multiple of 154?
True
Is 66934 a multiple of 51?
False
Is 3 a factor of 556?
False
Is 25 a factor of 7239?
False
Is 20 even?
True
Is 1410 a multiple of 30?
True
Does 5 divide 2468?
False
Is 83 a factor of 1486?
False
Is 13 a factor of 3016?
True
Is 1302 a multiple of 42?
True
Is 30184 a multiple of 12?
False
Does 211 divide 29329?
True
Is 132 a factor of 8683?
False
Is 31 a factor of 4464?
True
Does 3 divide 33?
True
Does 14 divide 16996?
True
Is 16 a factor of 10176?
True
Does 16 divide 7056?
True
Is 18 a factor of 821?
False
Does 31 divide 682?
True
Is 3 a factor of 15051?
True
Does 67 divide 4987?
False
Is 8 a factor of 18704?
True
Does 14 divide 420?
True
Does 30 divide 2566?
False
Is 38 a factor of 608?
True
Is 1359 a multiple of 9?
True
Is 20 a factor of 417?
False
Is 4078 a multiple of 29?
False
Does 12 divide 1440?
True
Is 925 a multiple of 37?
True
Does 30 divide 8472?
False
Is 59645 a multiple of 58?
False
Is 5 a factor of 119?
False
Does 102 divide 47449?
False
Is 114 a factor of 2622?
True
Is 1272 a multiple of 71?
False
Does 8 divide 370?
False
Does 17 divide 2227?
True
Is 26 a factor of 442?
True
Is 20 a factor of 520?
True
Is 5 a factor of 40678?
False
Is 73 a multiple of 5?
False
Is 680 a multiple of 34?
True
Is 7 a factor of 3135?
False
Does 2 divide 737?
False
Does 18 divide 11597?
False
Is 5863 even?
False
Does 34 divide 442?
True
Is 1217 a multiple of 9?
False
Is 18 a factor of 50166?
True
Does 9 divide 630?
True
Is 30 a factor of 12673?
False
Is 9451 a multiple of 50?
False
Does 20 divide 800?
True
Is 3 a factor of 251?
False
Does 4 divide 22652?
True
Is 1394 a multiple of 34?
True
Does 70 divide 862?
False
Is 1322 a multiple of 23?
False
Is 20 a factor of 12420?
True
Is 69 a factor of 4278?
True
Is 926 a multiple of 15?
False
Does 3 divide 150?
True
Is 25 a factor of 2588?
False
Is 28 a factor of 56?
True
Does 67 divide 603?
True
Does 95 divide 98796?
False
Is 9 a factor of 3551?
False
Is 1121 a multiple of 4?
False
Is 1989 a multiple of 39?
True
Is 17476 a multiple of 34?
True
Is 54 a factor of 66883?
False
Is 7 a factor of 1356?
False
Does 13 divide 91?
True
Is 10 a factor of 25?
False
Is 11 a factor of 7134?
False
Is 18 a factor of 375?
False
Does 240 divide 35760?
True
Does 7 divide 2082?
False
Does 68 divide 340?
True
Does 77 divide 3744?
False
Is 372 a multiple of 5?
False
Is 20 a factor of 10349?
False
Is 5289 a multiple 